et r = -1 - -1. What is x(r)?
5
Let g(b) be the second derivative of 0*b**2 + 0 - 1/2*b**4 - b - 1/20*b**5 - 2/3*b**3. Let k(q) = -q**2 - 4*q - 5. Let l be k(-4). What is g(l)?
-5
Let g(f) be the first derivative of -f**3/3 + 7*f**2/2 - 5*f + 10. Determine g(5).
5
Let x(d) be the first derivative of -d**3/3 + 2*d**2 + d - 1. Give x(4).
1
Let m(b) = -12*b + 29*b - 16*b - 2. Determine m(9).
7
Let o(j) be the first derivative of -4*j**2 + 1. Suppose 4*f + 2*d = f - 11, -f = 4*d + 17. Determine o(f).
8
Let f(c) = -3*c**2 - c - 77*c**3 + 76*c**3 + c**2. Give f(-2).
2
Suppose 2*p - 6 = p. Let a(b) = -b**3 + 5*b**2 + 6*b + 1. What is a(p)?
1
Let f(d) = -11*d + 49. Let y(x) = 5*x - 24. Let k(z) = -6*f(z) - 13*y(z). Give k(-11).
7
Let h(k) = -6*k - 4. Let z(a) = -a**3 - 5*a**2 + 4*a + 2. Let g be z(-5). Let w be 20/(-90) + 50/g. Calculate h(w).
14
Let c(g) = -g**3 - 3*g**2 + 3*g. Let q be -6*(-4 + 44/12). Give c(q).
-14
Let d be 6/(-20) + (-1260)/(-200). Let u(m) be the third derivative of m**5/60 - m**4/4 + m**3/3 + m**2. Calculate u(d).
2
Let g = -5 - -9. Let c(u) = -1 - 3*u + g - 4. Give c(1).
-4
Let p(m) be the second derivative of -m**3 - m**2/2 - 18*m. What is p(-1)?
5
Let g(w) = -3 + 7*w - w**2 - 5 + 0. Calculate g(6).
-2
Let n(w) = 2072*w - 5*w**2 + w**2 - 2078*w - 1 + 3*w**2. Determine n(-6).
-1
Suppose -3*h = 4*j, 3*j + j = -h - 8. Let q(p) = -2*p + 2. Give q(h).
-6
Let l be ((-75)/45)/(1/3). Let t = l + 5. Let y(v) = -v. Let n(d) = 2*d - 2. Let g(f) = n(f) + 3*y(f). Determine g(t).
-2
Let d be (2/(-5))/((-22)/(-220)). Let x be d + 4/(-1) + 12. Let i(q) be the first derivative of q**4/4 - 5*q**3/3 + 2*q**2 - 6*q - 1. What is i(x)?
-6
Suppose -5*r + 64 = 4. Let k be (-4)/r + 13/3. Let d(z) = 2*z + 3. Determine d(k).
11
Let z(g) = -g**2 - g + 1. Let i be z(0). Let s(h) = 3*h**3 + 1. Let t be s(i). Suppose 0 = -t*o + 2*o - 10. Let m(x) = -x**3 - 4*x**2 + 4*x - 4. Give m(o).
1
Let c(n) = 4*n**2 - 5*n + 1. Let b(y) = -11*y**2 + 15*y - 4. Let z(a) = 3*b(a) + 8*c(a). Give z(7).
-18
Let z(g) = 3*g - 1. Suppose -2*u + 3*u = 2. Let w(s) = 4*s. Let f(n) = u*w(n) - 3*z(n). Give f(-3).
6
Let v(y) be the third derivative of -y**5/60 - 7*y**4/24 - 4*y**3/3 + 62*y**2. Give v(-6).
-2
Let d(y) = -y**2 + 1. Let z(t) = -5*t**2 - 6*t - 1. Let n(u) = 4*d(u) - z(u). Calculate n(-5).
0
Let r(c) be the second derivative of c**7/2520 - 7*c**6/720 + c**5/40 - 5*c**4/12 + 9*c. Let w(u) be the third derivative of r(u). Determine w(3).
-9
Let z(y) = -y**2 + 9*y - 6. Let s(c) = -c**3 - 8*c**2 - 12*c + 6. Let v be s(-6). What is z(v)?
12
Let x(t) = -t + 7. Let p = -15 - -21. Determine x(p).
1
Let r(z) be the third derivative of -z**5/30 + z**4/8 + 2*z**3/3 - 3*z**2. Calculate r(3).
-5
Let m(z) = -z**3 + 2*z**2 + 3*z + 1. Let j(b) = -3*b - 15. Let q be j(-6). Give m(q).
1
Let b(p) = -2*p - 15. Let h be b(-10). Let f = h + -9. Let o(x) = -x**3 - 4*x**2 + x - 2. Determine o(f).
-6
Let i(o) be the second derivative of -2*o**3/3 + o**2/2 - 2*o. Let h(f) = -5*f + 2. Let a(c) = 3*h(c) - 4*i(c). Give a(2).
4
Let a = 18 + -16. Let f(w) = -3*w**2 + 0 + a*w**2 + 1 + 3*w. What is f(-2)?
-9
Let g(k) = 0 + 0 - k + 5*k - 2. What is g(-3)?
-14
Let x(k) be the second derivative of -k**4/12 - 2*k**3/3 - 2*k. Let i(l) = -l**2 + 8*l - 4. Let d be i(8). Determine x(d).
0
Let j(d) be the second derivative of d**5/20 - 7*d**4/12 - 4*d**3/3 - 3*d**2 - 13*d. What is j(8)?
-6
Let j = 58 - 59. Let m(a) = -7*a + 1. Calculate m(j).
8
Let j(g) = -g**3 - 7*g**2 - 7*g + 1. Let f(p) = -p**3 - 8*p**2 + 10*p + 4. Let t be f(-9). Determine j(t).
-14
Let o(l) be the second derivative of l**4/24 + l**3/3 + 4*l**2 - l. Let n(i) be the first derivative of o(i). Calculate n(0).
2
Let u(x) = 7 + 8*x + 0 - 7 + 10 - x**2. What is u(8)?
10
Let f be (-36)/(12/(-2)) - 1. Let g(q) = q**3 - 6*q**2 + 5*q. What is g(f)?
0
Let t = -393 - -395. Let b(g) be the second derivative of -g**3 + g**2/2 - g. Calculate b(t).
-11
Let v(o) be the first derivative of -o**4/4 + 5*o**3/3 + 5*o**2/2 - 7*o + 9. Give v(5).
18
Let j(y) = -y**2 - 6*y - 6. Suppose l + 2*h = 10, l + 3*h - 4 = 9. Suppose 3*d = 2*i - 4*i - 17, -l*d - 5*i - 32 = 0. Let x be d + (-5 - -2) + 2. What is j(x)?
2
Let z(i) = 2*i - 8. Let p = -48 - -90. Let o = -20 + p. Suppose 5*t - 3*d - 20 = o, 0 = 3*d + 12. Give z(t).
4
Let z(i) = -i + 9. Let s(u) = u - 7. Let k be s(7). Suppose g + g = k. Give z(g).
9
Let m(r) = -2*r + 5. Let q = -56 - -62. Determine m(q).
-7
Let v = 56 + -61. Let r(m) be the second derivative of m**3/6 + 5*m**2 + 2*m. Determine r(v).
5
Let f be 1 - (-3 - (1 + -2)). Let n(j) = 2 - 7*j**2 - 3 - 3*j**f - 2*j**3 + 8*j**2. What is n(1)?
-5
Let j = -12 + 5. Let z(o) = -2*o - 1. Let x(v) = 5*v + 3. Suppose -l - 4 - 3 = i, l = -4. Let t(d) = i*x(d) + j*z(d). Give t(4).
-6
Suppose 8 = -4*g - 4. Let k(z) = 2*z + 2. Let q(l) = l + 2. Let y(a) = 4*k(a) - 6*q(a). Determine y(g).
-10
Let h(j) be the second derivative of j**3/6 + 7*j**2/2 - 3*j. Give h(-6).
1
Let a = 89 - 93. Let t(u) be the third derivative of u**6/120 + u**5/20 - u**4/24 + u**3/6 - u**2. What is t(a)?
-11
Let a(b) = b**2 - b - 1. Let w(i) = -i**2 + 3*i + 5. Let x(t) = -2*a(t) - w(t). Give x(-3).
-9
Suppose -f + 4*n = -3*f + 24, -5*n = -f - 16. Let k(m) be the first derivative of -m**2/2 + 9*m + 5. Give k(f).
5
Let k(l) be the third derivative of -5*l**4/24 - l**3/2 - l**2. Let d(w) = 6*w + 3. Let h(f) = 6*d(f) + 7*k(f). Suppose 4*r + 3 = 19. What is h(r)?
1
Let b = 45 - 46. Let s(q) = -5*q. Give s(b).
5
Let a be 3 + 1 - (0 + 4). Let d(l) = -l**2 - l. Determine d(a).
0
Let a(r) = 32*r**2 - 5*r. Suppose 2*g - 5*y = -6, 4*g - y = 4*y - 2. Let p(j) = -2*j - j + 10*j**g + 11*j**2. Let s(z) = 5*a(z) - 8*p(z). Calculate s(-1).
-7
Let o(v) = -v - 7. Let p be o(-7). Let u(q) = -q - 2*q**2 + 3*q**2 - 2 + p*q**2 - 3. Determine u(4).
7
Let z be (-2)/2 + 1 + 2. Let l(m) = -2*m**3 + m**2 + 4*m - 3. Determine l(z).
-7
Let v(n) be the second derivative of -n**5/20 - n**4/2 - n**3 - 7*n**2/2 + 37*n. Determine v(-5).
-2
Suppose -4*q = 1 + 3. Let i(t) = 2*t**2 - 6*t**2 - 2 + 2 + t + 1. Calculate i(q).
-4
Let n(g) be the third derivative of -g**4/4 - g**3/6 - 2*g**2. Let l be 3 + -2 - (-1)/((-1)/2). What is n(l)?
5
Let m(f) = f + 2. Let b be m(-6). Let v(g) be the second derivative of -4*g + 0*g**2 + 1/6*g**3 + 0. Determine v(b).
-4
Let u(b) = 24 - 47 - 2*b + 25. Let l(z) = -6*z + 1. Let k be l(2). Let o = 15 + k. Give u(o).
-6
Let h be 5/(-3) - 2/(-3). Let u(w) = -13*w**3 + w**2 + 2*w + 1. What is u(h)?
13
Let s(r) be the second derivative of r**3/6 + 2*r**2 + 2*r. Determine s(4).
8
Let i(b) = -b**2 + 3*b + 6. Let t = 9 + -4. Let a be i(t). Let z(y) be the third derivative of -y**5/60 - 7*y**4/24 - y**3/2 - y**2. Determine z(a).
9
Suppose 0 = -2*g - y + 47, -2*g - 97 = -6*g - 3*y. Suppose 1 = h, 4*h - g = -0*t - 3*t. Let o(x) = -2 + 12*x - 7*x + x**2 - t*x. Give o(0).
-2
Let l(w) = -w**2 - 5*w - 2. Let p be l(-3). Suppose -4*r + p = -4. Suppose -r*f = 2*y - 7*y + 15, -3*y = 3*f - 9. Let a(h) = h**2 - 4*h + 2. Give a(y).
-1
Let t(h) = 6*h - 32 + 77 + h**2 - 39. What is t(-6)?
6
Suppose 0*k = 3*k - 15. Suppose k*g = 2*g + 6. Let m(z) = 1 - g*z + 0 - 2. Calculate m(2).
-5
Let v(n) = -2*n + 26*n**2 - 12*n**2 + 1 - 15*n**2. Calculate v(-3).
-2
Let b(i) = 17 + 0*i + 0*i - i - 18. Determine b(-4).
3
Let r = -12 + 17. Let a(l) = -l**2 + 5*l + 5. Give a(r).
5
Let l = -15 + 20. Let g(u) = -u - 2*u + 1 - l*u + 9*u. What is g(-6)?
-5
Let p(b) = -b**3 - 7*b**2 + 8*b + 1. Let n be p(-8). Let w(u) = -5*u - 1. Determine w(n).
-6
Suppose -2*o - 5*j + 7 = -3, 0 = 5*j. Let i(q) = -2*q + 3. What is i(o)?
-7
Let w = 2 - -1. Let k(h) = -2 - w*h + 0*h + 5*h. Let z = 9 + -4. Determine k(z).
8
Let z(i) = i**2 - 10*i + 1. Let a(x) = -x**2 + 11*x. Let k(w) = -3*a(w) - 4*z(w). Let u = 4 + 1. Give k(u).
6
Let r(b) = -b**2 + 4*b. Let u(z) be the second derivative of -z**3/3 - 5*z**2 + 5*z. Let t be u(-7). Calculate r(t).
0
Let w(n) = -2*n**2 + 4*n. Suppose 2*o = 2, 3*c + o + 4*o = 14. What is w(c)?
-6
Let k(u) be the first derivative of 0*u + 2 - 3/2*u**4 - 1/2*u**2 + 0*u**3. Determine k(-1).
7
Let a(c) = -c**2 + 5*c - 2. Let l(y) = y**2 + 7*y + 4. Let n be l(-7). Let u be a(n). Let p(b) = 0*b - 2 - b - b**u - 1. Calculate p(0).
-3
Let c(k